Home Page Dati Meteo Storico Legenda Informazioni Varie

Archivio NOAA per l'anno 2023

                  YEARLY CLIMATOLOGICAL SUMMARY FOR 2023
                                        HEAT  COOL        
     MEAN                               DEG   DEG       WIND SPEED       DOM MEAN  MEAN
MON  TEMP  HIGH   DATE     LOW   DATE   DAYS  DAYS RAIN AVG  HI  DATE    DIR BAROM HUM
---------------------------------------------------------------------------------------
1     6.9  14.1   1/1/23   0.2  21/1/23 1777    0 91.60   0   0   1/1/23   N1017.87   85
---------------------------------------------------------------------------------------
TOT   6.9  14.1   1/1/23   0.2  21/1/23 1777    0 91.60   0   0   1/1/23   N1017.87   85

HEAT BASE: 65.0
COOL BASE: 65.0

                  MONTHLY CLIMATOLOGICAL SUMMARY FOR 1/2023
                                        HEAT  COOL        
     MEAN                               DEG   DEG       WIND SPEED       DOM MEAN  MEAN
DAY  TEMP  HIGH   TIME     LOW   TIME   DAYS  DAYS RAIN AVG  HI  TIME    DIR BAROM HUM
---------------------------------------------------------------------------------------
1    11.5  14.1     8:58   9.1    23:46   53    0  0.00   0   0     0:00   N1030.31   72
2     9.7  11.1    13:25   8.3     5:42   55    0  0.20   0   0     0:00   N1030.34   85
3    10.3  12.8    15:17   9.1     0:04   55    0  0.00   0   0     0:00   N1029.71   92
4    10.1  12.6    13:17   8.9     4:59   55    0  0.20   0   0     0:00   N1028.23   87
5     9.3  12.7    12:14   7.7     5:13   56    0  0.20   0   0     0:00   N1025.55   86
6     9.9  12.9    14:59   8.3     5:06   55    0  0.00   0   0     0:00   N1024.47   81
7     9.8  12.2    13:36   8.6    19:48   55    0  0.00   0   0     0:00   N1023.79   84
8     9.9  13.3    13:02   7.7    20:48   55    0  0.00   0   0     0:00   N1022.93   81
9     9.2  11.5    16:52   6.9    23:47   56    0  6.40   0   0     0:00   N1017.55   97
10    6.4   7.9     9:39   4.2    12:16   59    0  3.60   0   0     0:00   N1015.73   83
11    7.0   9.3    14:27   5.7     0:11   58    0  0.00   0   0     0:00   N1021.40   82
12    8.4  11.2    13:16   6.7     0:54   57    0  1.60   0   0     0:00   N1019.71   90
13    8.2  11.1    13:41   5.9     6:40   57    0  0.20   0   0     0:00   N1021.79   82
14    8.6  11.3    13:59   6.9    23:31   56    0  0.00   0   0     0:00   N1020.95   79
15    8.5  11.6     9:51   6.5     5:05   56    0  0.00   0   0     0:00   N1020.57   77
16    8.4   9.6     9:11   7.5    19:22   57    0  5.00   0   0     0:00   N1012.59   91
17    9.4  10.4    11:45   8.3     3:12   56    0  0.00   0   0     0:00   N1005.77   87
18    9.0  10.5    12:04   4.8    23:58   56    0  7.00   0   0     0:00   N1003.62   88
19    3.9   5.3     9:07   1.7    20:41   60    0  3.00   0   0     0:00   N1007.76   86
20    3.4   6.0    15:05   1.2     0:32   62    0 13.40   0   0     0:00   N1008.20   85
21    2.5   5.2    13:09   0.2    19:46   62    0  6.60   0   0     0:00   N1010.03   82
22    1.6   3.0    15:23   0.4    20:31   63    0 17.40   0   0     0:00   N1012.31   90
23    2.6   3.9    15:27   1.0     4:33   62    0  8.20   0   0     0:00   N1018.54   90
24    4.0   6.1    10:09   2.5    19:34   61    0  5.40   0   0     0:00   N1022.12   88
25    4.2   6.1    13:47   2.8     3:06   61    0  4.00   0   0     0:00   N1016.21   88
26    3.1   5.2    14:30   1.9     9:46   62    0  5.20   0   0     0:00   N1007.75   85
27    4.2   6.7    14:54   2.5     6:55   61    0  0.60   0   0     0:00   N1006.47   88
28    4.3   6.9    14:45   2.6     6:11   61    0  3.40   0   0     0:00   N1011.81   85
29    5.6   8.0    16:19   3.9     0:35   59    0  0.00   0   0     0:00   N1017.71   79
30    5.6   8.9    12:38   4.1     2:56   59    0  0.00   0   0     0:00   N1020.68   81
31    5.4   7.4    13:44   4.2     6:47   37    0  0.00   0   0     0:00   N1019.99   83
---------------------------------------------------------------------------------------
TOT   6.9  14.1   1/1/23   0.2  21/1/23 1777    0 91.60   0   0   1/1/23   N1017.87   85

HEAT BASE: 65.0
COOL BASE: 65.0

Parameter                   Max   Max Time   Max Date        Min   Min Time   Min Date    Average
Wind Direction              359       0:00     1/1/23          4      18:04     1/1/23          0
Wind Speed                    0       0:00     1/1/23          0       0:00     1/1/23          0
Wind Gust                     0       0:00     1/1/23          0       0:00     1/1/23          0
Humidity                     98       8:41     3/1/23         31       8:36    15/1/23         85
Out Temp                   14.1       8:58     1/1/23        0.2      19:46    21/1/23        6.9
Total Rain                91.60      22:59    28/1/23       0.00       0:00     1/1/23      33.03
Wind Chill                 14.1       8:58     1/1/23        0.2      19:46    21/1/23        6.9
Out Heat Ix                15.7      12:50     3/1/23        3.2      19:46    21/1/23        9.7
Dew Point                  11.2      16:52     9/1/23       -5.9       8:19    15/1/23        4.5
SL Barometer            1031.50       9:26     2/1/23    1001.30      18:34    18/1/23    1017.87
                  YEARLY CLIMATOLOGICAL SUMMARY FOR 2023
                                        HEAT  COOL        
     MEAN                               DEG   DEG       WIND SPEED       DOM MEAN  MEAN
MON  TEMP  HIGH   DATE     LOW   DATE   DAYS  DAYS RAIN AVG  HI  DATE    DIR BAROM HUM
---------------------------------------------------------------------------------------
1     6.9  14.1   1/1/23   0.2  21/1/23 1777    0 91.60   0   0   1/1/23   N1017.87   85
---------------------------------------------------------------------------------------
TOT   6.9  14.1   1/1/23   0.2  21/1/23 1777    0 91.60   0   0   1/1/23   N1017.87   85

HEAT BASE: 65.0
COOL BASE: 65.0

Indietro Home Page