CaltabellottaMeteo

Home Page Dati Meteo Storico Legenda Informazioni Varie

Archivio NOAA per l'anno 2017

                  YEARLY CLIMATOLOGICAL SUMMARY FOR 2017
                                        HEAT  COOL        
     MEAN                               DEG   DEG       WIND SPEED       DOM MEAN  MEAN
MON  TEMP  HIGH   DATE     LOW   DATE   DAYS  DAYS RAIN AVG  HI  DATE    DIR BAROM HUM
---------------------------------------------------------------------------------------
1     4.4   9.3   4/1/17  -3.4   6/1/17 1877    0253.80   7  82   6/1/17   N1017.33   87
2     3.3  15.1  24/2/17   0.0   4/2/17 2215   29129.80   5  56   6/2/17   N1019.72   30
3    10.1  18.6  31/3/17   4.4  12/3/17 1699    0 11.00   5  79   8/3/17   N1017.30   66
4    11.6  19.9  28/4/17   3.8  22/4/17 1602    0 53.40   4  53  20/4/17 SSE1016.26   66
5    16.8  26.1  12/5/17   9.8   9/5/17 1203    0  0.00   3  60  21/5/17 SSE1014.85   57
---------------------------------------------------------------------------------------
TOT   9.0  26.1  12/5/17  -3.4   6/1/17 8596   29448.00   5  82   6/1/17   N1017.13   62

HEAT BASE: 65.0
COOL BASE: 65.0

                  MONTHLY CLIMATOLOGICAL SUMMARY FOR 1/2017
                                        HEAT  COOL        
     MEAN                               DEG   DEG       WIND SPEED       DOM MEAN  MEAN
DAY  TEMP  HIGH   TIME     LOW   TIME   DAYS  DAYS RAIN AVG  HI  TIME    DIR BAROM HUM
---------------------------------------------------------------------------------------
1     4.7   7.8    13:42   2.4     0:51   60    0  0.00   5  23     1:50   N1026.84   77
2     6.3   9.2    16:02   5.0     3:54   59    0  0.00   4  19    14:32 WSW1025.41   80
3     6.8   8.9    14:33   5.0     4:06   58    0  1.00   4  27    18:31   N1021.68   88
4     6.9   9.3    12:49   5.4     7:15   58    0  0.40   6  39    22:20   N1016.14   85
5     5.3   7.3    13:00  -0.2    22:52   60    0  5.80  13  64    16:52   N1007.68   87
6    -1.4   1.1     3:36  -3.4    20:05   66    0  2.80  13  82    15:03   N1013.89   86
7    -1.0   0.7    12:33  -2.1     1:19   66    0  0.40  13  76     0:02   N1021.83   74
8     0.7   2.9    11:13  -1.4     7:29   64    0  0.60   7  48     1:08  NE1021.22   78
9     0.7   1.8    12:11  -0.2     8:12   64    0  0.20   5  53    15:24   N1016.81   81
10    2.8   4.9    23:20   0.7     2:57   62    0 41.00   4  45    22:00   N1011.37   86
11    4.8   6.8    13:37   3.4    20:22   60    0  6.00   4  37     0:00   N1013.11   90
12    5.8   8.2    12:51   3.8     7:52   59    0  4.00   3  24    14:24   N1023.82   79
13    6.5   7.2    20:41   4.9    23:58   59    0 13.20   7  37    14:58   N1016.21   95
14    4.0   6.1    15:01   1.8    21:44   61    0  2.60   6  39     5:34 ENE1012.47   77
15    2.1   3.1     1:50   0.7    16:50   63    0 21.00   7  42    16:19   N1010.73   93
16    1.3   3.3    13:19   0.1     7:34   64    0 10.40   6  42    17:41   N1005.96   93
17    0.1   1.1     2:51  -0.8    23:12   65    0  9.00   5  37     0:10   N1003.06   96
18    1.7   3.7    15:06  -0.7     0:00   63    0 25.80   3  29    18:02   N1008.58   96
19    4.3   6.6    15:49   2.6     0:45   61    0  5.80   1  19     0:15   N1020.27   90
20    5.7   8.1    14:47   3.7     6:12   59    0  0.00   9  53    23:46 ESE1023.25   84
21    7.1   8.7    12:24   5.7     0:04   58    0  2.40  26  74    13:28 ESE1018.69   92
22    7.0   9.0    19:29   4.3    12:53   58    0 63.20  21  68     2:02   N1015.77   97
23    6.0   7.8    15:38   4.9     6:00   59    0  0.20   1  16     0:05   N1013.05   97
24    6.1   8.3    11:59   4.9     4:54   59    0  8.40   0  13     5:58 SSE1011.41   83
25    6.4   9.3    13:52   4.3     2:48   59    0  0.20   1  16    20:11   N1015.86   86
26    6.9   9.0    14:59   5.3     5:47   58    0  0.00   1  13     1:56   N1023.49   84
27    5.9   7.2    14:55   4.8     7:06   59    0  0.20   7  26    19:49   N1026.81   95
28    6.0   7.7    15:06   3.5    23:57   59    0 22.40  12  50    19:18   N1021.20   97
29    5.8   9.1    12:01   2.9     0:53   59    0  6.60   3  34     6:03 ENE1020.99   89
30    6.0   9.2    14:00   3.9     6:25   59    0  0.20   3  27     9:47 ENE1023.93   80
31    6.4   8.6    11:42   5.2     6:29   59    0  0.00   1  23    23:22 SSE1025.70   86
---------------------------------------------------------------------------------------
TOT   4.4   9.3   4/1/17  -3.4   6/1/17 1877    0253.80   7  82   6/1/17   N1017.33   87

HEAT BASE: 65.0
COOL BASE: 65.0

                  MONTHLY CLIMATOLOGICAL SUMMARY FOR 2/2017
                                        HEAT  COOL        
     MEAN                               DEG   DEG       WIND SPEED       DOM MEAN  MEAN
DAY  TEMP  HIGH   TIME     LOW   TIME   DAYS  DAYS RAIN AVG  HI  TIME    DIR BAROM HUM
---------------------------------------------------------------------------------------
1     7.1   8.2    15:15   6.1     6:24   58    0  0.00   9  29    14:22   N1026.18   97
2    10.2  10.2     0:00  10.2     0:00    0    2  0.00   7  26     1:00   N1018.37   97
3     9.0  10.6    14:00   7.6     6:00   40    1  0.20   5  27     0:30   N1022.75   97
4     3.2  10.2     0:00   0.0     9:30    5    5  0.00   7  43    21:00   N1011.48   31
5     0.0   0.0     0:00   0.0     0:00   14    4  0.00   6  39    23:30   N999.75    0
6     0.0   0.0     0:00   0.0     0:00   50    3 44.60  13  74    11:47   N1003.52    0
7     0.0   0.0     0:00   0.0     0:00   14    4 20.20   7  51     7:54   N998.33    0
8     0.0   0.0     0:00   0.0     0:00    6    5  2.20   5  39    23:54   N997.16    0
9     0.0   0.0     0:00   0.0     0:00  133    0 43.00  12  48     3:03   N995.25    0
10    0.0   0.0     0:00   0.0     0:00   61    3  4.00   5  29     0:13   N1045.12    0
11    0.0   0.0     0:00   0.0     0:00   19    4  0.00   5  26    12:12 SSE1029.46    0
12    0.0   0.0     0:00   0.0     0:00  133    0  0.20   9  29     9:24   N1056.30    0
13    0.0   0.0     0:00   0.0     0:00  133    0  0.00   9  29     9:52  SE1039.29    0
14    0.0   0.0     0:00   0.0     0:00  133    0  0.20   5  31     3:12 ESE1025.08    0
15    0.0   0.0     0:00   0.0     0:00  133    0  0.00   1  14    17:29   S1030.23    0
16    0.0   0.0     0:00   0.0     0:00  133    0  0.00   1  11     1:15   N1029.19    0
17    0.0   0.0     0:00   0.0     0:00  133    0  0.40   1  14    18:13   S1025.03    0
18    0.0   0.0     0:00   0.0     0:00  133    0  0.00   1  18    18:11 WSW1018.95    0
19    0.0   0.0     0:00   0.0     0:00  133    0  0.00   3  18     7:12   N1018.06    0
20    0.0   0.0     0:00   0.0     0:00  133    0  0.00   2  26    18:40   S1019.36    0
21    0.0   0.0     0:00   0.0     0:00  133    0  0.00   4  37    10:26 ENE1019.10    0
22    2.8   9.0    15:04   0.0     0:00  103    0  0.00   4  32     4:49 WSW1020.48   31
23    9.2  12.7    15:29   6.3     7:03   56    0  0.00   2  16    15:40 SSW1020.92   79
24   12.4  15.1     4:45  10.6     7:26   53    0  0.60   8  39    21:22 SSE1016.14   56
25   11.5  14.9     0:09   7.1    20:39   54    0  0.00   5  47     1:13   S1011.17   73
26    9.7  12.8    10:21   7.8    22:22   55    0 11.00   3  37    22:44   N1014.63   87
27   10.5  13.8    14:38   7.7     2:48   55    0  0.00   6  37     9:46   N1016.48   85
28    8.9   9.7    10:57   6.9    22:04   56    0  0.40   5  26    10:12   N1017.18   96
---------------------------------------------------------------------------------------
TOT   3.3  15.1  24/2/17   0.0   4/2/17 2158   31129.80   5  56   6/2/17   N1019.72   30

HEAT BASE: 65.0
COOL BASE: 65.0

                  MONTHLY CLIMATOLOGICAL SUMMARY FOR 3/2017
                                        HEAT  COOL        
     MEAN                               DEG   DEG       WIND SPEED       DOM MEAN  MEAN
DAY  TEMP  HIGH   TIME     LOW   TIME   DAYS  DAYS RAIN AVG  HI  TIME    DIR BAROM HUM
---------------------------------------------------------------------------------------
1     8.8  11.9    12:24   6.4    21:19   56    0  0.00   6  37    15:13   N1017.39   77
2    10.2  14.6    14:53   6.6     6:26   55    0  0.00   2  23     5:49   W1020.59   53
3    10.8  13.6    10:22   7.8    23:40   54    0  0.00   5  29    23:57   S1017.92   66
4     8.3  11.4    13:26   6.6     5:07   57    0  0.00  11  32     7:27   N1016.69   94
5     8.5  10.3    14:44   6.7    23:59   57    0  1.00   6  31     3:14   N1017.15   97
6     8.8  13.2    14:38   5.8     5:22   56    0  0.20   4  35     6:34   N1017.38   82
7     7.6   9.5     5:12   5.8    11:18   57    0  3.60  14  69     7:51   N1006.12   84
8     6.5   8.5    16:29   4.6     9:44   59    0  6.00  13  79     5:24   N1007.94   83
9     8.7  12.3    13:20   6.5     0:06   56    0  0.20   7  68     4:22   N1015.02   72
10   10.9  15.8    13:03   7.6    22:26   54    0  0.00   7  66    20:40 ENE1011.27   55
11    7.1  10.1    13:17   4.8    23:46   58    0  0.00  12  63    10:31 ENE1011.32   64
12    8.7  13.1    14:35   4.4     5:55   56    0  0.00   1  27    12:45 SSE1015.42   67
13   10.1  12.7    15:12   8.6     6:24   55    0  0.00   2  29    13:49  SE1017.13   66
14    9.1  11.7    10:49   6.9    23:59   56    0  0.00   0  18    14:49 WSW1023.59   84
15    8.0  11.4    10:39   5.6    20:47   57    0  0.00   3  39    17:03 NNE1022.73   66
16    7.6  11.5    13:01   4.6     5:39   57    0  0.00   3  31     8:37   N1020.43   65
17    9.7  13.9    15:40   6.0     5:40   55    0  0.00   5  42     8:55 ENE1021.41   56
18   11.9  15.4    11:10   9.9     1:38   53    0  0.00   5  40    21:49 WSW1020.00   36
19   12.4  15.4    13:16   9.4     2:54   53    0  0.00   2  35     5:26 WSW1017.02   47
20   12.9  16.4    14:23   9.7     6:02   52    0  0.00   2  35     0:24 WSW1014.36   40
21   12.7  17.2    14:19   9.8     2:39   52    0  0.00   2  26    11:10 ENE1009.54   53
22   12.5  16.3    13:37   9.6     3:46   53    0  0.00   2  29     2:55   S1014.04   69
23   11.6  15.1    14:28   9.1     6:04   53    0  0.00   1  16    12:55 SSE1018.31   75
24   11.7  15.2    11:48   9.4     0:14   53    0  0.00   4  29    23:52 SSE1020.56   65
25   11.2  14.1    16:44   9.4     5:55   54    0  0.00   7  31     3:37  SE1020.79   78
26   12.2  16.8    15:34   9.2     7:01   51    0  0.00   4  27    11:18   N1018.18   69
27   11.5  16.0    14:35   6.9    23:58   54    0  0.00   2  27    15:11  NE1016.97   44
28    8.1  12.4    12:23   5.3     4:44   57    0  0.00   3  31    16:16   N1018.87   73
29    9.1  13.1    13:42   6.5     6:56   56    0  0.00   7  42    22:05   N1021.71   70
30   11.3  17.3    15:16   6.8     6:29   54    0  0.00   4  35     4:03   S1023.33   53
31   15.1  18.6    13:43  12.2     0:00   50    0  0.00   1  23    14:50   S1023.24   41
---------------------------------------------------------------------------------------
TOT  10.1  18.6  31/3/17   4.4  12/3/17 1699    0 11.00   5  79   8/3/17   N1017.30   66

HEAT BASE: 65.0
COOL BASE: 65.0

                  MONTHLY CLIMATOLOGICAL SUMMARY FOR 4/2017
                                        HEAT  COOL        
     MEAN                               DEG   DEG       WIND SPEED       DOM MEAN  MEAN
DAY  TEMP  HIGH   TIME     LOW   TIME   DAYS  DAYS RAIN AVG  HI  TIME    DIR BAROM HUM
---------------------------------------------------------------------------------------
1    12.4  15.1    13:25  10.2     4:53   53    0  0.00   4  29    21:01 SSE1017.55   55
2     8.2  10.7     0:00   5.4    10:57   57    0 22.00   5  47    20:45   N1012.36   88
3     7.3   8.1    14:25   6.6     6:38   58    0 21.60   8  43    12:43   N1012.15   96
4     8.1  11.5    17:04   6.5     7:31   57    0  4.60   6  43    13:56  NE1013.66   91
5    11.5  15.8    15:20   6.9     1:27   53    0  0.80   0  18    14:14   N1016.53   75
6    12.7  15.6    13:36  10.2     6:27   52    0  0.00   0  24    14:07 SSE1015.17   65
7    12.0  14.9    13:07  10.3     5:02   53    0  4.20   1  16     4:56 SSE1016.19   67
8    11.4  15.6    12:57   9.2    23:47   54    0  0.00   1  26    13:05 SSW1019.75   70
9    11.1  13.7    14:10   9.3     0:00   54    0  0.00   0  13     6:42 SSE1021.53   72
10   11.2  15.2    14:46   9.3     6:45   54    0  0.00   2  24     6:50 ESE1021.64   67
11   12.3  16.8    17:17   9.2     6:14   53    0  0.00   3  27     9:32   S1018.40   61
12   14.2  18.4    12:24  11.4     0:27   51    0  0.00   2  24     5:34   S1016.70   46
13   14.8  18.9    15:47  12.2     6:44   50    0  0.00   1  21    11:13  NE1014.96   46
14   14.8  18.8    16:04  11.6     6:13   50    0  0.00   1  16    12:50 WSW1015.30   55
15   15.9  19.0    16:04  13.7     6:21   49    0  0.00   1  24    14:43 WSW1015.29   43
16   14.3  16.8    13:11  10.6    21:47   51    0  0.00   2  40    14:41 ENE1012.79   60
17   12.5  17.4    14:38   9.6     3:46   52    0  0.00   6  31     5:44 WSW1013.43   77
18   12.0  16.3    16:18   8.9     5:46   53    0  0.00   4  32    21:39 WSW1013.03   75
19   10.0  14.9    12:38   5.8    23:50   55    0  0.00  10  51    18:57  NE1012.04   72
20    7.6  11.5    13:46   5.2     6:48   57    0  0.00   9  53     2:25  NE1018.72   59
21    6.8  10.4    13:51   4.1    23:54   58    0  0.00   5  37    18:08  NE1023.35   59
22    7.1  11.8    15:40   3.8     5:40   58    0  0.00   2  31    15:24  NE1024.19   67
23    9.0  12.6    14:36   5.8     5:24   56    0  0.00   1  24    15:39 SSW1021.65   75
24    9.7  12.9    16:10   7.2     1:19   55    0  0.20   0  19    23:36 SSE1020.37   82
25   11.7  16.4    13:20   7.9     0:37   53    0  0.00   6  27    12:21  SE1017.26   74
26   13.8  18.4    13:03   8.9     2:04   51    0  0.00  10  39    11:03 SSE1015.43   65
27   15.8  18.8    15:56  13.2     1:27   49    0  0.00   4  29    15:57 SSE1014.96   47
28   16.2  19.9    14:21  13.8     6:20   49    0  0.00   6  34     9:49 SSE1012.34   45
29   12.1  16.2     0:14   8.7    21:39   53    0  0.00  10  50    16:58  NE1008.48   73
30   11.9  17.5    15:40   7.8     6:35   53    0  0.00   5  32    11:05  NE1012.62   54
---------------------------------------------------------------------------------------
TOT  11.6  19.9  28/4/17   3.8  22/4/17 1602    0 53.40   4  53  20/4/17 SSE1016.26   66

HEAT BASE: 65.0
COOL BASE: 65.0

                  MONTHLY CLIMATOLOGICAL SUMMARY FOR 5/2017
                                        HEAT  COOL        
     MEAN                               DEG   DEG       WIND SPEED       DOM MEAN  MEAN
DAY  TEMP  HIGH   TIME     LOW   TIME   DAYS  DAYS RAIN AVG  HI  TIME    DIR BAROM HUM
---------------------------------------------------------------------------------------
1    14.0  18.1    14:50  10.7     5:50   51    0  0.00   1  27    22:40 ENE1015.36   52
2    13.2  17.6    13:35  10.2    21:08   52    0  0.00   2  31    14:34 SSE1016.67   66
3    13.9  18.3    17:36   9.8     1:49   51    0  0.00   1  23    16:09   S1017.47   59
4    15.1  19.1    13:27  12.3     3:09   50    0  0.00   1  19    15:52   S1016.61   54
5    18.7  24.2    16:48  13.5     2:09   46    0  0.00   2  21    12:05 SSE1015.04   56
6    20.0  23.3    12:46  16.5    23:48   45    0  0.00   2  23    13:02 SSE1014.25   50
7    17.3  22.8    14:49  12.4    22:35   48    0  0.00   7  39     2:14 ENE1012.28   47
8    13.7  18.6    13:34  10.7     6:31   51    0  0.00   2  35     8:32 ENE1009.51   66
9    13.0  16.9    16:24   9.8     5:17   52    0  0.00   3  34    14:36 WSW1009.62   73
10   15.3  18.1    16:46  11.1     6:46   50    0  0.00   4  35    22:36 SSE1011.28   52
11   18.8  22.6    15:00  15.2     0:00   46    0  0.00  15  43     6:34  SE1008.26   48
12   22.8  26.1    16:53  18.2    23:59   42    0  0.00   1  42    23:22 SSE1007.90   45
13   20.4  23.7    14:01  17.8     0:10   45    0  0.00   5  35     8:22 ENE1013.47   45
14   20.5  25.2    14:24  16.7     2:43   44    0  0.00   1  24     7:05 NNE1018.82   39
15   17.8  21.7    13:47  14.0    23:55   47    0  0.00   5  34    21:23  NE1020.70   50
16   16.5  21.4    15:17  13.2    23:42   49    0  0.00   5  34    18:01 NNE1018.93   60
17   16.8  22.0    12:50  12.9     2:35   48    0  0.00   6  39     8:09  NE1017.11   62
18   17.4  21.4    12:46  14.6    23:35   48    0  0.00   2  23    13:01   S1014.88   56
19   15.5  18.6    14:23  13.6    23:05   49    0  0.00   4  21    10:43 SSE1016.39   67
20   15.4  20.3    13:13  11.4    23:59   50    0  0.00   4  35    21:17  NE1017.32   68
21   13.6  17.7    14:33  10.7     5:51   51    0  0.00   7  60    17:54 ENE1015.21   74
22   16.2  20.5    13:25  11.7     6:07   49    0  0.00   3  24     7:07   S1016.80   62
23   16.7  19.8    13:42  13.8     4:35   48    0  0.00   1  18    12:33   S1017.01   64
24   17.9  22.0    15:41  14.8     5:21   47    0  0.00   3  24    22:41 NNE1016.40   61
25   19.7  24.2    16:06  16.8     2:34   43    0  0.00   2  26    16:50 WSW1013.93   46
---------------------------------------------------------------------------------------
TOT  16.8  26.1  12/5/17   9.8   9/5/17 1203    0  0.00   3  60  21/5/17 SSE1014.85   57

HEAT BASE: 65.0
COOL BASE: 65.0

Parameter                   Max   Max Time   Max Date        Min   Min Time   Min Date    Average
Wind Direction              359       0:02     1/1/17          0      16:00     2/2/17          0
Wind Speed                   82      15:03     6/1/17          0       0:00     1/1/17          5
Wind Gust                    82      15:03     6/1/17          0       0:01     1/1/17         11
Humidity                     98      13:48    22/1/17         13      17:26    18/3/17         62
Out Temp                   26.1      16:53    12/5/17       -3.4      20:05     6/1/17        9.1
Total Rain               448.00       3:55    24/4/17       0.00       0:00     1/1/17     343.29
Wind Chill                 26.1      16:53    12/5/17      -10.0      22:46     6/1/17        8.5
Out Heat Ix                43.7       9:30     4/2/17       -0.2      18:25     6/1/17       12.8
Dew Point                  14.7      12:58    25/5/17      -10.0       6:02    18/3/17        4.1
SL Barometer            1062.63       8:55    13/2/17     990.15       2:58     9/2/17    1017.13

Indietro Home Page