CaltabellottaMeteo

Home Page Dati Meteo Storico Legenda Informazioni Varie

Archivio NOAA per l'anno 2020

                  YEARLY CLIMATOLOGICAL SUMMARY FOR 2020
                                        HEAT  COOL        
     MEAN                               DEG   DEG       WIND SPEED       DOM MEAN  MEAN
MON  TEMP  HIGH   DATE     LOW   DATE   DAYS  DAYS RAIN AVG  HI  DATE    DIR BAROM HUM
---------------------------------------------------------------------------------------
1     7.2  13.3  30/1/20   1.7   6/1/20 1791    0  1.60   4  76   6/1/20   N1025.47   79
2     9.1  18.3   4/2/20  -0.1   5/2/20 1619    0  1.20   5  76   5/2/20   N1022.34   67
3     8.6  20.1  13/3/20   1.1  26/3/20 1746    0133.20   4  56  25/3/20   N1014.98   63
4     8.8   9.3   1/4/20   8.3   1/4/20   21    0  0.40   0  23   1/4/20   N1014.31    0
---------------------------------------------------------------------------------------
TOT   8.3  20.1  13/3/20  -0.1   5/2/20 5176    0136.40   5  76   6/1/20   N1020.87   69

HEAT BASE: 65.0
COOL BASE: 65.0

                  MONTHLY CLIMATOLOGICAL SUMMARY FOR 1/2020
                                        HEAT  COOL        
     MEAN                               DEG   DEG       WIND SPEED       DOM MEAN  MEAN
DAY  TEMP  HIGH   TIME     LOW   TIME   DAYS  DAYS RAIN AVG  HI  TIME    DIR BAROM HUM
---------------------------------------------------------------------------------------
1     5.3   8.9    13:29   3.2     1:02   60    0  0.00   6  45     8:47  NE1028.08   79
2     7.1  10.5    13:55   4.7     0:23   58    0  0.00   3  27     2:51  NE1029.12   79
3     7.2  10.6    12:37   5.1     6:56   58    0  0.00   3  37    18:22   S1028.06   66
4     6.9   9.8    14:00   4.9     4:03   58    0  0.00   2  35     8:28   N1024.50   85
5     7.2  10.1    14:51   4.6    23:45   58    0  0.00   7  71    22:54  NE1021.15   72
6     3.6   6.3    11:48   1.7    19:51   61    0  0.40  17  79    16:02  NE1021.80   56
7     4.9   8.4    13:35   1.9     1:44   60    0  0.00   5  48     7:10  NE1025.32   76
8     5.8   6.9    13:46   5.2    23:31   59    0  0.00   2  26    13:48 ESE1025.80   77
9     6.6   9.7    13:15   4.4     4:45   58    0  0.00   0  18     0:00 ESE1028.72   73
10    6.8  10.5    13:19   5.1     5:40   58    0  0.00   0  21    14:56  SW1025.33   74
11    6.7   9.3    16:14   4.9     1:13   58    0  0.00   0  18     6:14 ENE1023.53   74
12    7.2   9.6    12:04   5.5     6:30   58    0  0.00   0  14    12:16  SE1023.67   75
13    7.4   9.8    14:12   6.2     7:46   58    0  0.00   1  18     8:20 ENE1024.07   78
14    8.0  11.3    12:50   6.2     4:16   57    0  0.00   0  18     8:43  NE1025.62   74
15    7.9  10.3    16:10   6.1     6:30   57    0  0.00   0  14    12:29   S1027.89   78
16    7.9  11.3    12:38   6.1    22:42   57    0  0.00   1  19     8:32   N1027.97   71
17    6.3   9.6    14:00   4.8     4:34   59    0  0.00   5  32    17:35  NE1026.35   77
18    6.7   9.6    13:08   4.9     5:06   58    0  0.00   1  32    23:38   N1025.56   82
19    6.7   8.9    10:23   5.1     6:01   58    0  0.00   1  37     0:31   N1022.81   83
20    6.6   8.2    13:51   5.2     3:40   58    0  0.40  14  48    11:33 ESE1028.71   85
21    7.7  10.3    14:56   6.5    23:50   57    0  0.00  20  51     1:01   N1033.52   90
22    7.1   8.3    15:21   6.5     0:07   58    0  0.00   6  34     0:10   N1032.23   91
23    7.3   9.2    13:32   5.9     4:30   56    0  0.00   2  24    23:16   N1028.36   86
24    7.0   8.4    14:36   5.8     5:38   58    0  0.00  15  42    11:58   N1027.17   88
25    8.2   9.9    14:32   7.2     0:22   57    0  0.00   9  31     0:47   N1024.36   93
26    8.6  11.2    14:22   7.5     3:41   56    0  0.00   3  23     1:12   N1020.55   88
27    8.7  12.6    12:56   6.3     4:43   56    0  0.00   3  34     7:09   N1022.22   76
28    8.0   9.4    11:09   6.9    19:11   57    0  0.40   3  37    20:59   N1022.05   90
29    9.2  12.0    12:23   7.8    23:59   56    0  0.40   3  35     1:32   N1020.18   89
30    9.2  13.3    13:41   6.4     5:45   56    0  0.00   1  34     6:51   N1022.24   72
31    9.3  11.4    14:31   7.9     2:15   56    0  0.00   0  24     3:09   N1022.86   85
---------------------------------------------------------------------------------------
TOT   7.2  13.3  30/1/20   1.7   6/1/20 1791    0  1.60   4  76   6/1/20   N1025.47   79

HEAT BASE: 65.0
COOL BASE: 65.0

                  MONTHLY CLIMATOLOGICAL SUMMARY FOR 2/2020
                                        HEAT  COOL        
     MEAN                               DEG   DEG       WIND SPEED       DOM MEAN  MEAN
DAY  TEMP  HIGH   TIME     LOW   TIME   DAYS  DAYS RAIN AVG  HI  TIME    DIR BAROM HUM
---------------------------------------------------------------------------------------
1     9.2  11.6    12:16   7.6     5:45   56    0  0.00   1  26     6:41   N1022.09   86
2     9.9  13.3    15:11   7.5     3:50   55    0  0.00   1  23     3:39   N1023.21   86
3    12.9  16.8    13:45  10.0     0:14   52    0  0.00   1  40    23:11   N1021.54   73
4    14.2  18.3    13:02   6.7    23:57   51    0  0.00   8  77    19:50   N1012.97   56
5     5.2   6.9    12:12  -0.1    22:21   60    0  0.40  16  77    11:49 ENE1008.98   61
6     3.4   6.5    13:17   1.4     0:20   62    0  0.40  11  71    15:12   N1019.06   71
7     5.1   9.2    14:09   2.0     3:50   60    0  0.00   3  35     2:25  NE1026.87   65
8     6.4   8.8    13:25   4.6     6:23   59    0  0.00   1  18    12:13   S1028.52   68
9     6.7   9.7    14:54   4.7     6:10   58    0  0.20   2  19    12:34   N1032.84   89
10    8.6  10.8    12:34   6.8     0:36   56    0  0.20   4  34    19:09   N1030.48   86
11   11.2  15.7    14:15   8.2     4:48   54    0  0.00   6  53     8:20   N1022.35   77
12   11.8  14.9    12:43   9.4     6:16   53    0  0.00   8  40    22:57 ENE1020.32   50
13   11.1  13.4    11:00   9.1    21:43   53    0  0.00   2  27     0:46   S1022.88   48
14    9.0  11.2    13:40   6.8    23:33   56    0  0.00   6  40    18:17   N1020.14   80
15    8.5  12.8    12:45   6.5    22:54   57    0  0.00   8  45    13:43  NE1024.17   63
16    8.0  10.8    14:23   6.5     3:17   57    0  0.00   2  23    11:04   N1028.85   65
17    9.0  12.9    14:08   7.1     2:57   56    0  0.00   3  21    22:13   N1027.91   72
18    9.9  14.9    13:32   6.3     6:49   55    0  0.00   6  29     5:01 WSW1023.81   58
19    8.9  13.0    14:18   6.2    20:39   56    0  0.00   6  29     7:43   N1021.26   72
20    7.7  11.4    13:41   5.9     6:21   57    0  0.00   7  48    20:15   N1021.44   76
21    9.0  13.3    13:16   5.2     2:06   56    0  0.00   4  24     3:09  NE1024.59   49
22    8.4  13.2    14:01   5.1     5:57   57    0  0.00   6  47    18:58   N1027.35   52
23    9.4  13.6    13:19   5.7     0:40   56    0  0.00   4  34    11:48   N1030.67   48
24   13.5  17.3    13:06  10.8     2:37   52    0  0.00   8  48    17:26 ENE1022.80   36
25   13.6  16.9    14:08  10.3    23:51   51    0  0.00   4  27    20:45 WSW1016.63   42
26    9.8  14.1    13:56   7.2    23:53   55    0  0.00   6  34    23:00   N1011.57   73
27    7.4  10.3    13:48   5.6     5:49   58    0  0.00   7  45     8:21   N1016.03   68
28    8.8  12.3    12:33   6.4     2:00   56    0  0.00   8  35     2:56   N1018.18   83
29    8.0  10.0    13:55   6.8     8:43   57    0  0.00   6  31    10:26   N1020.43   79
---------------------------------------------------------------------------------------
TOT   9.1  18.3   4/2/20  -0.1   5/2/20 1619    0  1.20   5  76   5/2/20   N1022.34   67

HEAT BASE: 65.0
COOL BASE: 65.0

                  MONTHLY CLIMATOLOGICAL SUMMARY FOR 3/2020
                                        HEAT  COOL        
     MEAN                               DEG   DEG       WIND SPEED       DOM MEAN  MEAN
DAY  TEMP  HIGH   TIME     LOW   TIME   DAYS  DAYS RAIN AVG  HI  TIME    DIR BAROM HUM
---------------------------------------------------------------------------------------
1    11.4  16.5    15:13   7.4     2:10   54    0  0.00   7  37    18:19   N1017.08   73
2    11.3  13.2     9:24   9.1     5:32   54    0  1.00   5  32    23:51   N1012.23   73
3     7.7  10.2     1:21   4.1    23:38   57    0  7.80   8  48     4:10   N1008.49   78
4     6.2   9.5    12:32   4.1     0:04   59    0  3.60   6  50    19:21   N1008.45   87
5     7.8  11.4    13:32   4.7     1:56   57    0  0.00   3  29    15:22   N1013.72   79
6     8.6  10.2    15:51   6.9     2:54   56    0  0.80   5  31    15:11   N1009.80   88
7     5.7   8.1    12:49   4.4     8:29   59    0 24.00   5  34    18:39   N1009.67   89
8     6.3   9.1    16:05   4.6     5:50   59    0  0.20   4  42    14:15   N1016.13   82
9     6.7   9.8    11:48   4.6     3:52   58    0  8.60   4  29    14:07   N1015.37   82
10    6.7  10.2    15:02   4.6     5:13   58    0  0.40   7  34    13:10   N1014.10   82
11    8.4  12.1    13:08   4.6     6:05   57    0  0.00   3  19    12:08   N1022.15   72
12   14.3  18.3    13:43   9.2     3:21   51    0  0.00   3  24     3:49   N1022.79   47
13   17.0  20.1    13:08  14.3     4:18   48    0  0.00   4  27    10:57 WSW1016.71   40
14   16.1  19.9    13:51  13.3    23:44   49    0  0.00   2  13    15:26   W1013.44   53
15   12.3  16.4    13:23   8.8    23:41   53    0  0.00   5  35     8:37   N1014.82   67
16    8.8  10.3    11:54   7.4    21:41   56    0  0.80   4  27    23:17   N1021.92   88
17    8.4  10.2    14:24   7.3     5:45   57    0  0.80   5  35     7:52   N1027.83   85
18    8.2  10.1    14:41   5.9     2:14   57    0  0.00   1  13     8:36   N1025.03   84
19    8.4  10.8    12:00   6.8     0:32   57    0  0.00   6  37    10:36   N1023.86   82
20    7.9  11.1    13:02   6.3     1:41   57    0  0.00   9  31     0:30   N1022.12   85
21    7.7  10.8    10:55   5.0     4:51   57    0  0.20  14  43    14:47 ESE1014.13   75
22    9.8  12.1    16:07   7.9     0:06   55    0  0.00   4  39     0:30 ESE1011.15   78
23    9.7  12.7    15:09   7.6    23:35   55    0  0.00   1  21    10:34  NE1014.97   81
24    5.6   8.3    11:47   2.9    21:47   59    0  8.00   1  27    23:27   N1015.04   86
25    5.4   7.2    14:16   4.0     2:43   60    0 48.40   9  58    12:33   N1003.40   81
26    3.9   6.1    11:10   1.1    17:49   61    0  2.40   6  63     4:14   N1003.26   25
27    5.3   7.5    16:31   3.6    11:17   60    0 13.00   2  31    10:00   N1010.28    2
28    7.2   9.8    14:52   5.7     4:33   58    0  3.00   2  34    12:23   N1014.21    0
29    7.7  11.0    14:33   5.0     6:28   55    0  3.20   0  24     5:22   N1013.48    0
30    6.5   8.1    17:40   5.2     5:00   58    0  7.00   0  14    17:04   N1012.71    0
31    9.8  12.9    15:18   6.5     0:00   55    0  0.00   1  18    14:33   N1015.88    5
---------------------------------------------------------------------------------------
TOT   8.6  20.1  13/3/20   1.1  26/3/20 1746    0133.20   4  56  25/3/20   N1014.98   63

HEAT BASE: 65.0
COOL BASE: 65.0

                  MONTHLY CLIMATOLOGICAL SUMMARY FOR 4/2020
                                        HEAT  COOL        
     MEAN                               DEG   DEG       WIND SPEED       DOM MEAN  MEAN
DAY  TEMP  HIGH   TIME     LOW   TIME   DAYS  DAYS RAIN AVG  HI  TIME    DIR BAROM HUM
---------------------------------------------------------------------------------------
1     8.8   9.3     1:30   8.3     5:01   21    0  0.40   0  23     8:58   N1014.31    0
---------------------------------------------------------------------------------------
TOT   8.8   9.3   1/4/20   8.3   1/4/20   21    0  0.40   0  23   1/4/20   N1014.31    0

HEAT BASE: 65.0
COOL BASE: 65.0

Parameter                   Max   Max Time   Max Date        Min   Min Time   Min Date    Average
Wind Direction              359       0:00     1/1/20          0      11:30    23/1/20          0
Wind Speed                   76      15:50     6/1/20          0       0:00     1/1/20          5
Wind Gust                    76      15:50     6/1/20          0       1:12     1/1/20         11
Humidity                     94      13:03    25/1/20          1       9:23    26/3/20         69
Out Temp                   20.1      13:08    13/3/20       -0.1      22:21     5/2/20        8.3
Total Rain               136.60       9:00     1/4/20       0.00       0:00     1/1/20      21.05
Wind Chill                 20.1      13:08    13/3/20       -8.5      22:21     5/2/20        7.6
Out Heat Ix                20.5      15:02    13/3/20       -0.2      17:49    26/3/20       10.1
Dew Point                  11.6      15:06    13/3/20      -10.0      15:48    26/3/20        2.7
SL Barometer            1035.16      10:43    21/1/20     997.06       4:45    26/3/20    1020.87

Indietro Home Page