Home Page Dati Meteo Storico Legenda Informazioni Varie

Archivio NOAA per l'anno 2024


                  YEARLY CLIMATOLOGICAL SUMMARY FOR 2024
                                        HEAT  COOL        
     MEAN                               DEG   DEG       WIND SPEED       DOM MEAN  MEAN
MON  TEMP  HIGH   DATE     LOW   DATE   DAYS  DAYS RAIN AVG  HI  DATE    DIR BAROM HUM
---------------------------------------------------------------------------------------
1     8.3  16.6  19/1/24   3.1  22/1/24 1759    0130.60   7  66   6/1/24   N1019.68   80
2     9.3  17.8   6/2/24   3.9  25/2/24 1371    0 42.60   7  58  25/2/24   N1019.26   71
---------------------------------------------------------------------------------------
TOT   8.7  17.8   6/2/24   3.1  22/1/24 3130    0173.20   7  66   6/1/24   N1019.49   76

HEAT BASE: 65.0
COOL BASE: 65.0

                  MONTHLY CLIMATOLOGICAL SUMMARY FOR 1/2024
                                        HEAT  COOL        
     MEAN                               DEG   DEG       WIND SPEED       DOM MEAN  MEAN
DAY  TEMP  HIGH   TIME     LOW   TIME   DAYS  DAYS RAIN AVG  HI  TIME    DIR BAROM HUM
---------------------------------------------------------------------------------------
1     9.4  11.2    13:12   8.2     5:49   56    0  0.20   4  24    14:59   N1019.09   90
2     9.6  12.1    15:02   8.2     7:37   55    0  0.00   5  26     8:03   N1020.19   75
3     9.3  10.9    13:43   7.6     3:51   56    0  0.00   8  34    22:19   N1019.69   79
4    11.3  15.0    14:16   9.3     1:39   54    0  0.00   5  34    11:44   N1017.19   83
5    10.0  12.4     1:15   8.8     8:02   55    0  0.00  12  43    13:30   N1012.26   91
6     8.0  10.5     8:00   4.1    12:44   57    0 44.80  15  66    23:53   N999.35   97
7     5.4   6.4    15:10   4.0    16:37   60    0  8.80  18  66     0:18   N1004.00   86
8     4.6   7.0    21:53   3.5     1:58   60    0 50.40  17  53     3:19   N1006.21   94
9     6.8   9.2    11:43   5.4     2:37   58    0  0.00   5  32     0:19   N1015.98   90
10    6.5   7.7     2:46   4.7    21:17   59    0 11.80   5  24    14:59 SSE1022.02   90
11    6.6   7.6    14:21   5.4    20:03   58    0  6.80   6  34    16:37   N1016.61   96
12    6.5   9.2    12:58   4.7    23:35   58    0  5.20   5  37    15:49   N1015.65   92
13    5.4   7.6    15:17   3.8    23:24   60    0  0.20   6  37     0:35 ENE1021.31   84
14    6.2   8.6    11:07   3.9     0:00   59    0  0.00   4  26     8:17   N1020.07   90
15    8.9  11.2    14:10   7.0     1:00   56    0  0.40   7  45    16:21   N1010.84   93
16   10.6  13.0    13:51   8.2     1:13   54    0  1.60   6  39     8:30   N1013.28   88
17   11.2  14.2    16:48   9.3    22:09   54    0  0.20   7  24     1:00   N1015.18   85
18   12.8  14.9     2:19  10.3    23:58   52    0  0.00  13  69     5:53 WSW1013.18   71
19   12.8  16.6    23:43  10.2     0:41   52    0  0.00   8  34     3:13 WSW1013.69   66
20   11.2  16.0     0:00   4.9    23:50   54    0  0.00  11  53    20:57  NE1012.03   72
21    4.4   7.2    12:21   3.2    19:39   61    0  0.00  15  56     3:41  NE1024.06   72
22    5.3   8.8    14:43   3.1     1:32   60    0  0.00   7  34     8:04   N1031.51   69
23    6.4   8.1    18:34   3.8     6:14   59    0  0.00   5  40    12:45   N1028.95   81
24    8.4  11.7    15:16   5.4     5:44   57    0  0.00   5  39    14:08   N1030.71   65
25   10.7  14.3    15:09   7.9     5:33   54    0  0.00   7  42    20:37   N1025.85   67
26   10.8  13.4     1:02   9.0     4:04   54    0  0.00   1  18     4:45  SE1025.24   70
27    8.8  13.1    14:08   6.1     6:46   56    0  0.20   4  21    10:09   N1025.79   83
28    8.3  12.4    13:27   5.5    22:18   57    0  0.00   7  32    19:02   N1031.02   72
29    6.9   9.8    11:10   4.6    23:48   58    0  0.00   4  16     1:57   N1032.72   73
30    6.3  10.1    14:11   3.6     6:16   59    0  0.00   5  23     3:11   N1033.20   67
31    7.1  10.8    14:39   4.5     6:13   58    0  0.00   3  21     7:31   N1033.14   62
---------------------------------------------------------------------------------------
TOT   8.3  16.6  19/1/24   3.1  22/1/24 1759    0130.60   7  66   6/1/24   N1019.68   80

HEAT BASE: 65.0
COOL BASE: 65.0

                  MONTHLY CLIMATOLOGICAL SUMMARY FOR 2/2024
                                        HEAT  COOL        
     MEAN                               DEG   DEG       WIND SPEED       DOM MEAN  MEAN
DAY  TEMP  HIGH   TIME     LOW   TIME   DAYS  DAYS RAIN AVG  HI  TIME    DIR BAROM HUM
---------------------------------------------------------------------------------------
1     7.6  10.7    12:50   4.5    23:31   57    0  0.00   4  24    14:38 SSW1028.61   45
2     6.6   9.5    13:49   4.7     0:00   58    0  0.00   6  34     3:04 NNE1025.07   77
3     7.9  12.1    14:19   5.2     4:35   57    0  0.00   7  32     2:38   N1028.58   69
4    11.7  15.8    13:19   7.9     0:00   53    0  0.00   4  32     1:55 SSW1028.35   45
5    12.9  15.4    14:26  10.9     1:36   52    0  0.00   5  32     5:24 SSE1027.06   44
6    15.2  17.8    15:07  12.3     2:02   50    0  0.00   4  31     6:39 WSW1025.23   26
7    12.8  15.6    14:16   7.9    21:34   52    0  0.00   6  43    21:43 WSW1017.63   47
8    10.2  13.4    13:15   6.5     6:03   55    0  0.00   5  43     0:35   N1016.29   68
9     9.7  11.7    14:41   8.0     2:15   55    0  0.00  10  34    23:07 SSE1012.39   78
10    9.3  11.2     1:25   6.9    22:30   56    0 19.60  15  69     8:58   N1003.16   88
11    6.8   8.3     0:00   4.9    11:53   57    0  6.40  10  47    11:30   N1003.81   93
12    7.3  10.3    14:27   5.9     4:00   58    0  0.80   9  40    11:49   N1009.90   86
13    7.9  10.9    14:24   6.3     5:05   57    0  0.00   5  40     8:37 ENE1015.03   80
14    7.9  11.7    15:01   6.1     6:46   57    0  0.40   8  43    21:46   N1020.97   73
15    9.6  13.6    14:38   5.7     5:12   55    0  0.00   7  53     0:35  NE1022.93   52
16    9.7  11.9    12:37   7.3    22:31   55    0  0.00   2  19    22:49 SSE1020.92   66
17    9.2  12.3    13:24   7.2     7:13   56    0  0.00   5  23    10:42  SE1024.75   74
18   10.6  13.1    13:35   8.7     0:46   54    0  0.00   4  21    18:55   N1029.67   77
19    9.4  11.5     0:13   7.4    22:02   56    0  0.00   7  35    15:31   N1024.29   73
20    8.1   9.6     9:58   7.0    19:04   57    0  0.20   3  24    20:18   N1018.50   85
21    8.5  11.8    14:07   7.0     5:37   56    0  0.00   9  42     7:56   N1020.69   76
22    8.4  10.8    13:50   6.6     6:19   57    0  0.00   5  29    23:08 SSE1020.43   84
23    8.5  10.1    23:56   7.0     3:48   57    0  0.60  17  60    13:35   N1013.50   97
24    8.9  10.1     0:25   7.0    23:59   56    0  7.20   4  40     1:15 SSE1011.42   96
25    5.4   7.9    13:45   3.9     7:45   37    0  7.20  12  60    11:58   N1007.63   91
---------------------------------------------------------------------------------------
TOT   9.3  17.8   6/2/24   3.9  25/2/24 1371    0 42.60   7  58  25/2/24   N1019.26   71

HEAT BASE: 65.0
COOL BASE: 65.0

Parameter                   Max   Max Time   Max Date        Min   Min Time   Min Date    Average
Wind Direction              359       0:00     1/1/24          0      14:00    10/2/24          0
Wind Speed                   66      23:53     6/1/24          0       0:00     1/1/24          7
Wind Gust                    66      23:53     6/1/24          0       0:26     1/1/24         14
Humidity                     98      16:57    11/1/24          5      20:39     6/2/24         76
Out Temp                   17.8      15:07     6/2/24        3.1       1:32    22/1/24        8.7
Total Rain               173.20       8:42    25/2/24       0.00       0:00     1/1/24     120.40
Wind Chill                 17.8      15:07     6/2/24       -3.2       8:22     8/1/24        7.7
Out Heat Ix                18.1      13:49     6/2/24        4.7       1:11    23/1/24       10.9
Dew Point                  10.8      13:46     4/1/24      -10.0      10:09     6/2/24        4.2
SL Barometer            1034.38      10:39    31/1/24     995.54      19:57     6/1/24    1019.48

Indietro Home Page