CaltabellottaMeteo

Home Page Dati Meteo Storico Legenda Informazioni Varie

Archivio NOAA per l'anno 2021

                  YEARLY CLIMATOLOGICAL SUMMARY FOR 2021
                                        HEAT  COOL        
     MEAN                               DEG   DEG       WIND SPEED       DOM MEAN  MEAN
MON  TEMP  HIGH   DATE     LOW   DATE   DAYS  DAYS RAIN AVG  HI  DATE    DIR BAROM HUM
---------------------------------------------------------------------------------------
1     7.3  16.9  10/1/21   1.8  17/1/21 1053    0 45.80   4  80  17/1/21   N1013.66   86
---------------------------------------------------------------------------------------
TOT   7.3  16.9  10/1/21   1.8  17/1/21 1053    0 45.80   4  80  17/1/21   N1013.66   86

HEAT BASE: 65.0
COOL BASE: 65.0

                  MONTHLY CLIMATOLOGICAL SUMMARY FOR 1/2021
                                        HEAT  COOL        
     MEAN                               DEG   DEG       WIND SPEED       DOM MEAN  MEAN
DAY  TEMP  HIGH   TIME     LOW   TIME   DAYS  DAYS RAIN AVG  HI  TIME    DIR BAROM HUM
---------------------------------------------------------------------------------------
1     6.1   7.9    13:11   4.8     5:25   59    0  2.00   7  39    16:12   N1014.67   94
2     6.7   8.5    13:18   5.3    19:54   58    0  0.00   4  39     3:45   N1011.56   87
3     6.1   8.0    10:43   3.7    23:20   59    0  3.00   2  29    14:06   N1013.30   82
4     4.2   6.3    12:16   2.3     1:29   61    0  9.00   1  26    18:51   N1013.60   90
5     5.4   7.4    14:49   3.5     5:49   60    0  0.00   4  35    13:23   N1014.94   86
6     7.6   9.3    23:51   6.6     3:22   57    0  0.00   7  34    10:43   N1015.99   89
7     9.7  10.8    16:43   8.6     7:32   55    0  0.00   5  29    16:04   N1013.06   93
8    12.4  15.4    23:58  10.1     1:56   53    0  0.00   3  29    16:20   N1009.11   78
9    13.5  15.8     0:17  11.7     5:06   52    0  2.40   5  43     3:24   N1010.00   79
10   13.6  16.9     4:20   9.0    23:59   51    0  0.00   5  27    10:48   N1007.71   78
11    8.8  11.9    12:35   6.3    22:39   56    0  0.00   2  29     7:08   N1011.19   83
12    4.2   6.7     0:00   2.2     7:21   61    0 11.20   2  42    23:56   N1013.64   85
13    5.7   8.0    15:35   2.9     0:00   59    0  0.40   3  37     1:04   N1017.24   89
14    6.9   7.4    12:02   6.3    23:57   58    0  2.20   2  39    19:57   N1015.46   95
15    6.6   8.4    14:02   5.3    23:18   58    0  5.80   3  69    23:47   N1011.21   94
16    4.7   7.2    12:08   2.2    23:52   59    0  0.80   7  56     0:00   N1013.48   86
17    4.6   7.1    20:45   1.8     4:12   60    0  7.20   6  80    17:46   N1017.57   88
18    4.8   7.2    13:28   2.7    23:27   60    0  1.80  10  55     7:30   N1018.98   84
19    2.6   3.3     5:53   2.2     4:02   16    0  0.00  12  37     0:30 ENE1026.31   78
---------------------------------------------------------------------------------------
TOT   7.3  16.9  10/1/21   1.8  17/1/21 1053    0 45.80   4  80  17/1/21   N1013.66   86

HEAT BASE: 65.0
COOL BASE: 65.0

Parameter                   Max   Max Time   Max Date        Min   Min Time   Min Date    Average
Wind Direction              359       0:00     1/1/21          4       5:58     1/1/21          0
Wind Speed                   80      17:46    17/1/21          0       0:00     1/1/21          4
Wind Gust                    80      17:46    17/1/21          0       0:00     1/1/21         11
Humidity                     98       9:48     1/1/21         53       4:06    10/1/21         86
Out Temp                   16.9       4:20    10/1/21        1.8       4:12    17/1/21        7.2
Total Rain                45.80       5:31    18/1/21       0.00       0:00     1/1/21      20.04
Wind Chill                 16.9       4:20    10/1/21       -4.6      22:36    16/1/21        6.5
Out Heat Ix                17.7       4:23    10/1/21        4.2       0:03    17/1/21       10.1
Dew Point                  11.6      15:19     9/1/21       -2.7       6:37    19/1/21        5.0
SL Barometer            1027.78       6:39    19/1/21    1005.29      14:43    10/1/21    1013.69

Indietro Home Page