CaltabellottaMeteo

Home Page Dati Meteo Storico Legenda Informazioni Varie

Archivio NOAA per l'anno 2022

                  YEARLY CLIMATOLOGICAL SUMMARY FOR 2022
                                        HEAT  COOL        
     MEAN                               DEG   DEG       WIND SPEED       DOM MEAN  MEAN
MON  TEMP  HIGH   DATE     LOW   DATE   DAYS  DAYS RAIN AVG  HI  DATE    DIR BAROM HUM
---------------------------------------------------------------------------------------
1     7.2  19.1   2/1/22   0.5  25/1/22 1405    0 22.20   0  29   5/1/22   N1019.89   76
---------------------------------------------------------------------------------------
TOT   7.2  19.1   2/1/22   0.5  25/1/22 1405    0 22.20   0  29   5/1/22   N1019.89   76

HEAT BASE: 65.0
COOL BASE: 65.0

                  MONTHLY CLIMATOLOGICAL SUMMARY FOR 1/2022
                                        HEAT  COOL        
     MEAN                               DEG   DEG       WIND SPEED       DOM MEAN  MEAN
DAY  TEMP  HIGH   TIME     LOW   TIME   DAYS  DAYS RAIN AVG  HI  TIME    DIR BAROM HUM
---------------------------------------------------------------------------------------
1    15.4  18.7    13:19  13.0     3:32   50    0  0.00   0  13    13:03   S1024.75   44
2    16.3  19.1     9:13  14.7    17:03   49    0  0.00   0   5    11:48   N1024.42   36
3    14.6  17.3    12:00  12.9     7:30   50    0  0.00   0  14    10:31   N1021.30   38
4    14.1  15.7     9:23  12.3    23:50   51    0  0.00   0  21     8:35   W1017.48   36
5    10.0  13.0    13:44   7.6    23:16   55    0  0.00   1  29    20:51   N1011.06   74
6     7.2   8.3    10:50   5.8    23:31   58    0  0.00   1  24     0:33   N1010.18   87
7     6.0   7.9    14:09   4.9     7:27   59    0  0.20   1  16     0:06   N1011.38   92
8     5.2   6.9    13:52   4.0     7:56   59    0  0.40   0  16     7:29   N1010.01   87
9     5.7   7.8    10:28   3.9     3:27   59    0  1.60   0  16     9:43   N1008.27   86
10    2.8   5.1     0:00   1.4    14:02   62    0 11.20   0   0     0:00   N998.78   92
11    4.6   7.2    11:36   1.7     3:54   60    0  1.40   0  11    10:58   N1007.36   91
12    4.9   7.4     9:48   3.2    13:20   60    0  1.00   0   3     9:09   N1017.21   89
13    5.0   7.7    10:51   3.8     2:07   60    0  5.00   0   8    10:16   N1026.32   92
14    4.3   7.6    14:55   2.6     4:40   61    0  0.00   0   3    11:10   E1028.44   77
15    6.3   9.5    12:55   3.6     3:04   59    0  0.00   0   2     8:55  SE1023.77   78
16    8.7  11.8    14:21   6.0    23:58   56    0  0.00   0  13     9:41   N1025.23   71
17    6.5  10.3    12:33   4.8     2:03   59    0  0.00   0  14     9:45   S1025.94   85
18    6.6   9.9    14:49   4.5     7:13   58    0  0.00   0   3     9:44  SW1029.33   82
19    6.7   8.9    13:49   5.1     7:20   58    0  0.00   0   5    12:20   N1030.36   82
20    5.8   7.6    15:48   5.1     2:17   59    0  0.00   0   0     0:00   N1025.46   91
21    5.4   7.2    12:38   3.7    23:58   60    0  1.20   0   0     0:00   N1020.98   88
22    4.5   7.3    11:26   2.2    23:21   60    0  0.00   0   0     0:00   N1023.12   83
23    4.5   8.2    14:06   2.2     2:35   61    0  0.00   0   2     5:12   N1027.72   67
24    4.1   7.9    11:41   2.7     3:21   61    0  0.20   0   2    23:21 SSW1026.15   80
25    1.4   2.7     0:01   0.5     6:30   21    0  0.00   0   0     0:00   N1026.05   72
---------------------------------------------------------------------------------------
TOT   7.2  19.1   2/1/22   0.5  25/1/22 1405    0 22.20   0  29   5/1/22   N1019.89   76

HEAT BASE: 65.0
COOL BASE: 65.0

Parameter                   Max   Max Time   Max Date        Min   Min Time   Min Date    Average
Wind Direction              359       0:04     1/1/22          4       0:00     1/1/22          0
Wind Speed                   29      20:51     5/1/22          0       0:00     1/1/22          0
Wind Gust                    29      20:51     5/1/22          0       0:00     1/1/22          1
Humidity                     97       8:47     5/1/22         19       4:59     2/1/22         76
Out Temp                   19.1       9:13     2/1/22        0.5       6:30    25/1/22        7.2
Total Rain                22.20      13:35    24/1/22       0.00       0:00     1/1/22      12.36
Wind Chill                 19.1       9:13     2/1/22        0.5       6:30    25/1/22        7.2
Out Heat Ix                18.7      11:40     1/1/22        2.1       6:20    25/1/22        9.4
Dew Point                  10.7      15:08     2/1/22       -7.3       4:12     5/1/22        2.6
SL Barometer            1032.01      22:39    18/1/22     995.06      12:35    10/1/22    1019.90

Indietro Home Page