CaltabellottaMeteo

Home Page Dati Meteo Storico Legenda Informazioni Varie

Archivio NOAA per l'anno 2019

                  YEARLY CLIMATOLOGICAL SUMMARY FOR 2019
                                        HEAT  COOL        
     MEAN                               DEG   DEG       WIND SPEED       DOM MEAN  MEAN
MON  TEMP  HIGH   DATE     LOW   DATE   DAYS  DAYS RAIN AVG  HI  DATE    DIR BAROM HUM
---------------------------------------------------------------------------------------
1     4.1   9.9  15/1/19  -3.3   4/1/19  967    0 60.00   8  76   3/1/19   N1016.64   81
---------------------------------------------------------------------------------------
TOT   4.1   9.9  15/1/19  -3.3   4/1/19  967    0 59.80   8  76   3/1/19   N1016.64   81

HEAT BASE: 65.0
COOL BASE: 65.0

                  MONTHLY CLIMATOLOGICAL SUMMARY FOR 1/2019
                                        HEAT  COOL        
     MEAN                               DEG   DEG       WIND SPEED       DOM MEAN  MEAN
DAY  TEMP  HIGH   TIME     LOW   TIME   DAYS  DAYS RAIN AVG  HI  TIME    DIR BAROM HUM
---------------------------------------------------------------------------------------
1     4.2   7.2    12:53   2.2     0:37   61    0  1.40  11  66     7:13   N1019.95   74
2     5.6   7.7    12:20   3.0     1:26   59    0  1.00   8  55    23:20   N1016.30   86
3     1.7   5.1     0:29  -0.6    19:50   63    0  2.00  10  76     2:20   N1016.94   82
4    -0.8   2.8    10:50  -3.3    23:28   66    0  0.20   5  40    19:11   N1023.83   80
5     0.8   3.7    13:47  -2.9     0:00   64    0  2.20   6  48     3:22   N1023.18   79
6     5.5   8.2    12:44   3.3     0:00   59    0  0.00   4  32     8:17   N1020.14   80
7     6.2   9.9    13:01   3.4     6:47   59    0  0.00   6  35     8:40  NE1023.35   68
8     5.5   7.7    10:06   3.2     4:09   60    0 12.00   5  43    23:33   N1022.33   77
9     5.3   6.5     2:20   4.2    20:49   60    0 31.00  14  66     5:14   N1006.25   93
10    3.2   4.8    12:14   2.2     6:31   62    0  1.60   6  53     0:05   N1006.67   82
11    2.7   4.9    12:24   1.0    23:52   62    0  0.00   3  23    10:48   N1013.07   78
12    1.9   5.8    13:50  -0.3     6:51   63    0  0.40   9  53     7:54   N1015.41   84
13    4.5   7.6    11:35   2.2     0:00   61    0  1.40   7  50     1:34   N1015.01   87
14    6.6   7.7    14:57   4.8     0:00   58    0  6.80  13  60    18:59   N1005.90   93
15    6.8   9.9    12:37   3.5    23:53   58    0  0.00   7  56     0:52   N1014.71   76
16    5.2   7.1    14:30   3.3     0:15   52    0  0.00   5  40     0:36 SSE1024.08   68
---------------------------------------------------------------------------------------
TOT   4.1   9.9  15/1/19  -3.3   4/1/19  967    0 60.00   8  76   3/1/19   N1016.64   81

HEAT BASE: 65.0
COOL BASE: 65.0

Parameter                   Max   Max Time   Max Date        Min   Min Time   Min Date    Average
Wind Direction              359       0:00     1/1/19          4       0:46     1/1/19          0
Wind Speed                   76       2:20     3/1/19          0       0:00     1/1/19          8
Wind Gust                    76       2:20     3/1/19          0       1:49     2/1/19         16
Humidity                     96       2:00     9/1/19         40       3:39    16/1/19         81
Out Temp                    9.9      12:37    15/1/19       -3.3      23:28     4/1/19        4.1
Total Rain                60.00      20:14    14/1/19       0.20       0:06     1/1/19      30.31
Wind Chill                  9.9      12:37    15/1/19      -10.0       3:14     5/1/19        2.5
Out Heat Ix                11.3      13:20    15/1/19       -0.2      22:23     4/1/19        6.5
Dew Point                   6.9      12:15    14/1/19       -7.4       3:39    16/1/19        0.9
SL Barometer            1026.05      10:32    16/1/19    1000.28      12:50    14/1/19    1016.66

Indietro Home Page