CaltabellottaMeteo

Home Page Dati Meteo Storico Legenda Informazioni Varie

Archivio NOAA per l'anno 2019

                  YEARLY CLIMATOLOGICAL SUMMARY FOR 2019
                                        HEAT  COOL        
     MEAN                               DEG   DEG       WIND SPEED       DOM MEAN  MEAN
MON  TEMP  HIGH   DATE     LOW   DATE   DAYS  DAYS RAIN AVG  HI  DATE    DIR BAROM HUM
---------------------------------------------------------------------------------------
1     4.6  10.6  19/1/19  -3.3   4/1/19 1873    0153.40   6  76   3/1/19   N1012.10   85
2     6.3  13.8   2/2/19  -3.2  23/2/19 1639    0 10.20   6  93  24/2/19   N1020.04   78
3    10.5  18.0  18/3/19   3.3  12/3/19  978    0  4.80   6  88  12/3/19   N1018.84   61
---------------------------------------------------------------------------------------
TOT   6.6  18.0  18/3/19  -3.3   4/1/19 4490    0168.20   6  93  24/2/19   N1016.56   77

HEAT BASE: 65.0
COOL BASE: 65.0

                  MONTHLY CLIMATOLOGICAL SUMMARY FOR 1/2019
                                        HEAT  COOL        
     MEAN                               DEG   DEG       WIND SPEED       DOM MEAN  MEAN
DAY  TEMP  HIGH   TIME     LOW   TIME   DAYS  DAYS RAIN AVG  HI  TIME    DIR BAROM HUM
---------------------------------------------------------------------------------------
1     4.2   7.2    12:53   2.2     0:37   61    0  1.40  11  66     7:13   N1019.95   74
2     5.6   7.7    12:20   3.0     1:26   59    0  1.00   8  55    23:20   N1016.30   86
3     1.7   5.1     0:29  -0.6    19:50   63    0  2.00  10  76     2:20   N1016.94   82
4    -0.8   2.8    10:50  -3.3    23:28   66    0  0.20   5  40    19:11   N1023.83   80
5     0.8   3.7    13:47  -2.9     0:00   64    0  2.20   6  48     3:22   N1023.18   79
6     5.5   8.2    12:44   3.3     0:00   59    0  0.00   4  32     8:17   N1020.14   80
7     6.2   9.9    13:01   3.4     6:47   59    0  0.00   6  35     8:40  NE1023.35   68
8     5.5   7.7    10:06   3.2     4:09   60    0 12.00   5  43    23:33   N1022.33   77
9     5.3   6.5     2:20   4.2    20:49   60    0 31.00  14  66     5:14   N1006.25   93
10    3.2   4.8    12:14   2.2     6:31   62    0  1.60   6  53     0:05   N1006.67   82
11    2.7   4.9    12:24   1.0    23:52   62    0  0.00   3  23    10:48   N1013.07   78
12    1.9   5.8    13:50  -0.3     6:51   63    0  0.40   9  53     7:54   N1015.41   84
13    4.5   7.6    11:35   2.2     0:00   61    0  1.40   7  50     1:34   N1015.01   87
14    6.6   7.7    14:57   4.8     0:00   58    0  6.80  13  60    18:59   N1005.90   93
15    6.8   9.9    12:37   3.5    23:53   58    0  0.00   7  56     0:52   N1014.71   76
16    5.2   7.1    14:30   3.3     0:15   60    0  0.00   5  40     0:36 SSE1024.10   71
17    6.7   7.7    14:43   5.3     0:00   58    0  0.00   7  26    13:07   N1020.33   95
18    7.6  10.4    14:59   5.9     5:05   57    0  0.20   1  19     0:18   N1016.20   82
19    7.4  10.6    13:22   5.3     7:30   58    0  1.20   1  16     5:35   N1014.17   86
20    6.1   8.5    11:34   4.7     6:35   59    0  2.60   2  27     6:10   N1013.44   90
21    6.6   8.2    15:15   5.3     0:59   58    0 16.00   8  42    15:13   N1010.61   97
22    5.5   7.1    13:14   3.7    23:02   60    0  5.80   8  39     7:12   N1008.28   92
23    3.5   5.9    11:12   2.2    13:44   61    0 16.80   5  31    16:42   N1000.13   91
24    2.6   4.6     3:48   0.3    21:37   62    0 17.00   9  51    12:11   N988.62   95
25    2.6   5.1    13:27   0.8     0:00   62    0 13.60   8  63    11:21   N994.97   93
26    3.3   5.8    13:49   1.8     6:26   62    0  0.40   7  50     1:40   N1006.21   90
27    5.6   7.9    14:10   2.9     1:23   59    0  0.20   3  34     0:08   N1011.39   91
28    6.2   8.3    12:37   3.7    20:47   59    0  0.60   6  51     6:24   N1004.70   85
29    4.4   7.2    13:29   2.7     7:42   61    0  4.00   3  29     9:36   N1003.06   88
30    3.9   5.4    15:19   2.9    22:51   61    0 10.40   5  45    20:13   N1005.09   89
31    5.3   7.6    23:26   2.5     1:04   60    0  4.60   3  31     6:39   N1010.93   91
---------------------------------------------------------------------------------------
TOT   4.6  10.6  19/1/19  -3.3   4/1/19 1873    0153.40   6  76   3/1/19   N1012.10   85

HEAT BASE: 65.0
COOL BASE: 65.0

                  MONTHLY CLIMATOLOGICAL SUMMARY FOR 2/2019
                                        HEAT  COOL        
     MEAN                               DEG   DEG       WIND SPEED       DOM MEAN  MEAN
DAY  TEMP  HIGH   TIME     LOW   TIME   DAYS  DAYS RAIN AVG  HI  TIME    DIR BAROM HUM
---------------------------------------------------------------------------------------
1     8.0   9.9    14:21   6.6     6:46   57    0  0.20   7  35    11:41   N1011.49   94
2     9.3  13.8    12:00   6.3    22:00   56    0  0.00   9  43    12:08   N1004.26   87
3     5.9   8.0    13:55   4.8     5:28   59    0  0.00   5  27     1:31   N1007.79   86
4     5.6   8.5    14:10   4.3     1:45   59    0  0.20   7  64    20:06  NE1009.24   85
5     6.7   8.3    14:22   4.8     3:28   58    0  5.40  16  80    22:10   N1010.34   90
6     7.0   9.5    13:04   5.2    21:25   58    0  0.20  17  77     4:25   N1012.59   86
7     7.4  10.8    13:58   5.1     6:51   58    0  0.00   2  26     3:29   N1018.05   81
8     7.1   9.8    13:20   5.2     6:17   58    0  0.00   0  23    12:54 WSW1019.10   82
9     7.8  11.5    14:27   4.8     7:09   57    0  0.20   3  21     5:06   N1022.52   77
10    8.0  10.6    11:38   6.7    23:57   57    0  0.00   2  16     9:48  SW1024.09   74
11    7.7  11.2    12:48   4.9    23:46   57    0  0.00   6  42    15:35   N1017.80   83
12    4.2   6.7    14:55   2.1     5:22   61    0  1.40  12  68    11:32   N1019.26   74
13    3.9   5.9    12:41   2.6     7:08   61    0  0.00  14  71    12:00 ENE1026.01   67
14    4.9   8.7    14:02   2.1     5:22   60    0  0.00   6  56     4:20  NE1029.39   63
15    7.5  12.8    13:26   3.8    22:06   57    0  0.20   5  51    23:19 ENE1025.28   60
16    4.9   8.1    15:17   3.2     6:54   60    0  0.00   7  45    11:16 NNE1027.32   72
17    6.0   9.9    13:52   3.5     7:02   59    0  0.00   0  18    11:51 WSW1029.24   73
18    6.5  10.3    13:22   4.4     6:42   58    0  0.00   0  13    13:52 SSW1025.95   79
19    6.7   9.6    12:51   4.9     4:01   58    0  0.00   1  14    12:51   S1023.50   82
20    7.4  11.6    14:39   4.8     4:52   58    0  0.00   2  18    13:06 WSW1023.57   85
21    7.5  10.9    14:40   5.3    23:16   57    0  0.00   2  23    20:50   N1026.16   82
22    6.4   9.3    13:30   5.1     2:28   59    0  0.20   5  39     5:21   N1022.82   82
23    2.5   6.5    10:47  -3.2    16:58   60    0  0.20  19  79    12:56   N1013.20   86
24    3.2   4.4    14:14   1.1     0:02   61    0  2.00  18  93     4:01  NE1018.70   81
25    4.1   8.2    13:52   1.4    21:30   61    0  0.00   5  43    17:10  NE1023.11   73
26    5.4  10.0    14:01   2.1     3:24   60    0  0.00   1  34     2:50 ENE1025.14   72
27    7.1  11.8    15:06   3.7     1:02   58    0  0.00   3  43     1:20 ENE1021.65   66
28    8.3  11.3    15:45   5.7     6:46   57    0  0.00   0  21    16:05 ENE1023.09   60
---------------------------------------------------------------------------------------
TOT   6.3  13.8   2/2/19  -3.2  23/2/19 1639    0 10.20   6  93  24/2/19   N1020.04   78

HEAT BASE: 65.0
COOL BASE: 65.0

                  MONTHLY CLIMATOLOGICAL SUMMARY FOR 3/2019
                                        HEAT  COOL        
     MEAN                               DEG   DEG       WIND SPEED       DOM MEAN  MEAN
DAY  TEMP  HIGH   TIME     LOW   TIME   DAYS  DAYS RAIN AVG  HI  TIME    DIR BAROM HUM
---------------------------------------------------------------------------------------
1     8.4  10.7    13:41   6.7    23:57   57    0  0.00   4  42    13:59   N1017.20   70
2     8.0  11.6    13:49   5.9     1:47   57    0  0.00   8  53    14:25   N1014.83   82
3     7.2  10.0    15:30   6.0     0:05   58    0  2.00   7  39     7:10   N1018.87   84
4     9.9  13.1    15:25   6.6     5:09   55    0  0.00   5  24    21:09 WSW1020.92   59
5    13.1  16.3    15:01   8.8     1:19   52    0  0.00   8  27     4:32 WSW1019.31   47
6    12.4  14.9    13:36  10.2    23:00   51    0  0.00   7  27     1:07 SSE1020.22   50
7    12.6  15.9    12:39  10.3     0:00   52    0  0.00   9  29    11:38 SSE1020.00   51
8    14.2  17.3    13:05  11.6     6:41   51    0  0.00   4  23    14:17 SSE1020.49   35
9    14.0  17.3    15:33  11.3    18:28   51    0  0.00   3  29    17:55 SSE1024.76   46
10   12.9  16.4    14:49   9.2     5:04   52    0  0.00   3  23     5:13 ENE1024.75   49
11   12.9  16.8    12:47   8.2    21:15   52    0  0.00   6  35     6:24 WSW1018.03   56
12    5.3   8.2     0:00   3.3     7:10   60    0  0.80  15  88    13:34 ENE1015.62   65
13    7.4  12.2    12:47   3.8     3:09   58    0  0.20   4  35     0:52 WSW1019.07   63
14    6.8   9.9    12:19   4.7     6:13   58    0  0.60  10  56    12:27   N1014.86   75
15    7.9  11.4    14:10   5.3     1:26   57    0  1.20   7  42     9:03   N1017.25   86
16   11.1  14.3    13:44   7.3     0:21   54    0  0.00   3  32     0:17   N1020.08   72
17   11.0  14.4    13:30   8.7     5:09   54    0  0.00   4  24     1:39 WSW1017.82   62
18   13.9  18.0    11:19   9.6     2:50   49    0  0.00   2  16     9:45   W1014.96   47
---------------------------------------------------------------------------------------
TOT  10.5  18.0  18/3/19   3.3  12/3/19  978    0  4.80   6  88  12/3/19   N1018.84   61

HEAT BASE: 65.0
COOL BASE: 65.0

Parameter                   Max   Max Time   Max Date        Min   Min Time   Min Date    Average
Wind Direction              359       0:00     1/1/19          4       0:46     1/1/19          0
Wind Speed                   93       4:01    24/2/19          0       0:00     1/1/19          6
Wind Gust                    93       4:01    24/2/19          0       1:49     2/1/19         13
Humidity                     97       9:00    17/1/19         18       8:40    18/3/19         77
Out Temp                   18.0      11:19    18/3/19       -3.3      23:28     4/1/19        6.6
Total Rain               168.40       7:33    15/3/19       0.20       0:06     1/1/19     123.59
Wind Chill                 18.0      11:19    18/3/19      -10.0      14:04    23/2/19        5.5
Out Heat Ix                18.3      12:51    18/3/19       -0.2      22:23     4/1/19        8.8
Dew Point                  11.0      13:57     9/3/19      -10.0       5:05     1/3/19        2.5
SL Barometer            1031.47      11:12    14/2/19     987.14       6:00    24/1/19    1016.56

Indietro Home Page